{"id":65,"date":"2015-06-18T09:13:22","date_gmt":"2015-06-18T07:13:22","guid":{"rendered":"http:\/\/www.european-arachnology.org\/wdp\/?page_id=65"},"modified":"2024-07-23T12:25:11","modified_gmt":"2024-07-23T10:25:11","slug":"links","status":"publish","type":"page","link":"https:\/\/european-arachnology.org\/esa\/?page_id=65","title":{"rendered":"Links"},"content":{"rendered":"<h4>Data collections<\/h4>\n<p>WSC &#8211; World spider catalog &#8211; <a href=\"http:\/\/www.wsc.nmbe.ch\">(link)<\/a><br \/>\nARANEAE &#8211; Spiders of Europe &#8211; <a href=\"https:\/\/araneae.nmbe.ch\/\">(link)<\/a><br \/>\nFA &#8211; Fauna Europaea &#8211; <a href=\"http:\/\/fauna.naturkundemuseum-berlin.de\">(link)<\/a><br \/>\nLISC &#8211; List of Insect and spider collections of the world &#8211; <a href=\"http:\/\/hbs.bishopmuseum.org\/codens\/codens-r-us.html\">(link)<\/a><\/p>\n<h4>Arachnological societies<\/h4>\n<p>AAS &#8211; American Arachnological Society &#8211; <a href=\"http:\/\/www.americanarachnology.org\">(link)<\/a><br \/>\nARABEL &#8211; Arachnologia Belgica &#8211; <a href=\"http:\/\/www.arabel.ugent.be\">(link)<\/a><br \/>\nARAGES &#8211; Arachnologische Gesellschaft &#8211; <a href=\"http:\/\/www.arages.de\">(link)<\/a><br \/>\nASJ &#8211; Arachnological Society of Japan &#8211; <a href=\"http:\/\/www.arachnology.jp\/index-e.html\">(link)<\/a><br \/>\nBAS &#8211; British Arachnological Society &#8211; <a href=\"http:\/\/www.wiki.britishspiders.org.uk\">(link)<\/a><br \/>\nCAS &#8211; \u010cesk\u00e1 arachnologick\u00e1 spole\u010dnost &#8211; <a href=\"http:\/\/www.arachnology.cz\">(link)<\/a><br \/>\nGIA &#8211; Grupo Ib\u00e9rico de Aracnolog\u00eda &#8211; <a href=\"www.sea-entomologia.org\/gia\/web_intro_es.html\">(link)<\/a><br \/>\nISA &#8211; International Society of Arachnology &#8211; <a href=\"http:\/\/www.arachnology.org\">(link)<\/a><\/p>\n<h4>Journals<\/h4>\n<p>ARACHNOLOGY &#8211; formerly Bulletin of the British Arachnological Society &#8211; <a href=\"http:\/\/www.wiki.britishspiders.org.uk\/index.php5?title=Publications\/Arachnology\">(link)<\/a><br \/>\nARAMIT &#8211; Arachnologische Mitteilungen &#8211; <a href=\"http:\/\/www.arages.de\/aramit\">(link)<\/a><br \/>\nAS &#8211; Arthropoda Selecta &#8211; <a href=\"http:\/\/arthropodaselecta.britishspiders.org.uk\">(link)<\/a><br \/>\nJOA &#8211; Journal of Arachnology &#8211; <a href=\"http:\/\/www.americanarachnology.org\/JOA_online.html\">(link)<\/a><\/p>\n","protected":false},"excerpt":{"rendered":"<p>Data collections<\/p>\n<p>WSC &#8211; World spider catalog &#8211; <a href=\"http:\/\/www.wsc.nmbe.ch\">(link)<\/a><br \/>\nARANEAE &#8211; Spiders of Europe &#8211; <a href=\"https:\/\/araneae.nmbe.ch\/\">(link)<\/a><br \/>\nFA &#8211; Fauna Europaea &#8211; <a href=\"http:\/\/fauna.naturkundemuseum-berlin.de\">(link)<\/a><br \/>\nLISC &#8211; List of Insect and spider collections of the world &#8211;<\/p>\n<p><span class=\"ellipsis\">&hellip;<\/span><\/p>\n<div class=\"read-more\"><a href=\"https:\/\/european-arachnology.org\/esa\/?page_id=65\">Read more &#8250;<\/a><\/div>\n<p><!-- end of .read-more --><\/p>\n","protected":false},"author":1,"featured_media":0,"parent":44,"menu_order":9,"comment_status":"closed","ping_status":"closed","template":"full-width-page.php","meta":{"footnotes":""},"class_list":["post-65","page","type-page","status-publish","hentry"],"_links":{"self":[{"href":"https:\/\/european-arachnology.org\/esa\/index.php?rest_route=\/wp\/v2\/pages\/65","targetHints":{"allow":["GET"]}}],"collection":[{"href":"https:\/\/european-arachnology.org\/esa\/index.php?rest_route=\/wp\/v2\/pages"}],"about":[{"href":"https:\/\/european-arachnology.org\/esa\/index.php?rest_route=\/wp\/v2\/types\/page"}],"author":[{"embeddable":true,"href":"https:\/\/european-arachnology.org\/esa\/index.php?rest_route=\/wp\/v2\/users\/1"}],"replies":[{"embeddable":true,"href":"https:\/\/european-arachnology.org\/esa\/index.php?rest_route=%2Fwp%2Fv2%2Fcomments&post=65"}],"version-history":[{"count":9,"href":"https:\/\/european-arachnology.org\/esa\/index.php?rest_route=\/wp\/v2\/pages\/65\/revisions"}],"predecessor-version":[{"id":3595,"href":"https:\/\/european-arachnology.org\/esa\/index.php?rest_route=\/wp\/v2\/pages\/65\/revisions\/3595"}],"up":[{"embeddable":true,"href":"https:\/\/european-arachnology.org\/esa\/index.php?rest_route=\/wp\/v2\/pages\/44"}],"wp:attachment":[{"href":"https:\/\/european-arachnology.org\/esa\/index.php?rest_route=%2Fwp%2Fv2%2Fmedia&parent=65"}],"curies":[{"name":"wp","href":"https:\/\/api.w.org\/{rel}","templated":true}]}}